 u*p - 2*p - 135 = 0. What is the greatest common divisor of p and x?
15
Let s be (-16)/10*70/(-4). Suppose 2*i - s = i. Calculate the greatest common divisor of 14 and i.
14
Let n = -20 - -33. Let h(b) = -b**3 - 19*b**2 - 17*b + 31. Let w be h(-18). Calculate the greatest common divisor of w and n.
13
Let u(v) = 23*v - 5. Let q be u(7). Suppose -q = n - 5*n. What is the greatest common factor of n and 13?
13
Let f = -9 + 13. Suppose 3*i + 8 = f*i. Calculate the greatest common divisor of i and 56.
8
Suppose -2*q = -3*k + 74, 5*k - 2*q = 3*q + 120. What is the greatest common divisor of 234 and k?
26
Let f(g) = -g**2 - 17*g - 51. Let q be f(-11). What is the greatest common divisor of q and 10?
5
Let f be (0*2/6)/(-1). Let g(p) = p + 4. Let l be g(f). Let j be (5 - -1)/((-6)/(-40)). What is the greatest common factor of l and j?
4
Suppose 2*u - 18 - 10 = 0. Suppose a = -5*g + 421 + 139, 0 = -5*a. Calculate the greatest common factor of g and u.
14
Suppose 112 - 10 = 3*d. What is the greatest common factor of d and 51?
17
Let z(q) = -5*q**3 - 2*q - 1. Let o be z(-1). What is the greatest common divisor of 78 and o?
6
Suppose -3*a = -b + 2*b - 689, 902 = 4*a - 2*b. Suppose -60 = -4*i + a. Calculate the greatest common divisor of 9 and i.
9
Let b = -3 + 17. What is the highest common factor of 14 and b?
14
Let k(y) = 2*y**2 - 8*y + 11. Let u be k(5). What is the greatest common divisor of u and 105?
21
Let a(z) = z**3 + 5*z**2 - 9*z - 10. Let x be a(-6). What is the greatest common factor of 20 and x?
4
Let f(b) = -b - 7. Let u be f(-9). Let x be (-1)/2 - (-26)/4. Calculate the highest common divisor of u and x.
2
Let c = 578 - 410. What is the highest common factor of 112 and c?
56
Suppose 5*t - 8 - 137 = 5*c, -119 = -4*t + c. What is the greatest common divisor of t and 150?
30
Suppose 5*c - 4*i - i = -35, 4*c + 19 = -5*i. Let d be 1 + 7 + c/(-3). What is the greatest common divisor of d and 70?
10
Let c be (57/21 - 3)*-7. Let v(z) = z - 4. Let x be v(5). Suppose 5*w + 7 = 3*g, x + 3 = -4*w + 2*g. Calculate the greatest common divisor of c and w.
1
Let z be ((6 + -20)*3)/(1 - 2). Let p = -31 + 59. What is the highest common factor of z and p?
14
Let u = -61 - -106. Calculate the highest common divisor of u and 27.
9
Suppose 0 = -j - 8 + 47. Calculate the greatest common factor of 52 and j.
13
Let a be (109 + 2 - 0) + 3. What is the highest common factor of 19 and a?
19
Let u(q) = q**3 + 9*q**2 + 8*q + 2. Suppose -40 = -3*t + 8*t. Let v be u(t). Calculate the greatest common factor of v and 16.
2
Suppose o + 99 = 4*o. What is the highest common divisor of 11 and o?
11
Let p = 25 + 17. Suppose -5*o + p = -18. Let l(g) = -g**2 + 3*g + 13. Let q be l(5). Calculate the highest common factor of q and o.
3
Suppose -2*c + c = -55. Calculate the greatest common factor of c and 22.
11
Suppose -g - 2*g - 3 = 0. Let s be -22*((-3)/(-2))/g. Calculate the highest common divisor of 3 and s.
3
Suppose i = 3*v + 10, -5*i + 8 + 58 = v. What is the highest common factor of i and 104?
13
Let o = -1 - -49. Let j = 0 - -3. Suppose 0 = 2*u + 4*i - 56, -j*i - 2*i - 170 = -5*u. Calculate the highest common divisor of u and o.
16
Suppose -x + 4*r + 28 + 30 = 0, 2*r + 56 = x. Let a be ((-12)/(-9) + -1)*-123. Let u be (-5 - a)*(-2)/(-2). Calculate the greatest common factor of u and x.
18
Suppose 4*r + 7 = -13. Let i = r + 9. Calculate the highest common factor of 28 and i.
4
Suppose 0 = -s + 5, 3*l - 112 = 2*l + s. Suppose 0 = -x + 493 - l. Suppose -2*y + 42 = -x. What is the greatest common divisor of y and 19?
19
Suppose -b - 3*b + 33 = -5*l, l = b - 7. Calculate the greatest common factor of b and 16.
2
Let w be -15*(3 - 115/25). Let x be (2 + -2)/(-1 - 1). Let z(b) = -b + 60. Let t be z(x). Calculate the highest common divisor of t and w.
12
Suppose 0 = f + 3*j - 333 + 110, -j - 4 = 0. What is the greatest common divisor of f and 47?
47
Let z(n) = -n**2 + 17*n - 3. Let w be z(8). Calculate the greatest common divisor of 23 and w.
23
Let f be 27*4*25/60. Suppose -4*k + 57 = 5*t + 17, -5*k + 2*t + 83 = 0. What is the highest common divisor of k and f?
15
Let u(t) = -t**3 + 3*t**2 + t + 75. Let z be u(0). Calculate the greatest common divisor of z and 15.
15
Suppose z = f - z - 38, 3*z = 5*f - 211. What is the highest common factor of 4 and f?
4
Let b(d) = -21*d - 45. Let z be b(-5). What is the highest common divisor of z and 30?
30
Let i(a) = 4*a**3 - 2*a**2 + a. Let x be i(1). Calculate the highest common factor of x and 9.
3
Suppose -2*y + 0*y - 76 = -2*h, 176 = 4*h + 4*y. Let d = h + -17. Calculate the greatest common divisor of 60 and d.
12
Suppose r - 4 = -0. Let t be r + -1 - (-87 + 0). What is the greatest common divisor of t and 10?
10
Let p = 1369 - 251. Suppose 4*s + 370 = p. Calculate the greatest common factor of s and 17.
17
Let c(m) = m + 3 + 0*m + 6. Let x be c(-7). Suppose -66 = -5*q + 3*s - 5*s, -5*q + x*s + 54 = 0. Calculate the highest common factor of 4 and q.
4
Let y = -27 + 45. Let d be (-3)/(-9) - 161/(-3). What is the highest common divisor of y and d?
18
Let m(n) = -11 - 2*n + 5*n + n - n. Let u be m(9). What is the greatest common divisor of u and 4?
4
Suppose 3*k = 3*d - 33, -2*k + 46 = 5*d - 4*k. What is the greatest common divisor of 88 and d?
8
Let b = 67 - 45. Let x(k) = 0*k + 15*k - 2 - 3. Let j be x(4). What is the highest common divisor of j and b?
11
Let j = 6 - 4. Suppose 94*w - 154 = 87*w. What is the highest common divisor of j and w?
2
Suppose 0*r - 7 = 4*r - 3*z, 4*r + 2*z - 18 = 0. Let g(h) = -7*h - 16. Let m be g(-7). Let l = m - 31. Calculate the highest common factor of r and l.
2
Suppose 5*f - 17 = 4*f. Suppose f*q - 14*q - 18 = 0. Calculate the greatest common divisor of q and 48.
6
Let m(p) = -p**3 + 27*p + 2. Let x be m(-6). Calculate the greatest common divisor of x and 84.
28
Let q be (4 + -70)*2/(-3). What is the greatest common factor of 11 and q?
11
Let j(v) = v**2 - 9*v - 4. Let p be j(11). What is the highest common factor of 2 and p?
2
Let h = 14 - 9. Suppose 109 = 3*w - 4*m - 72, 4*m = -h*w + 259. Calculate the highest common factor of w and 22.
11
Let i be (-35)/(-14)*(6 + -2). Let f = -4 + 6. Calculate the highest common divisor of i and f.
2
Let q(u) = 4*u**3 + u**2 + u + 1. Let j be q(-1). Let d be (-22)/3*j/2. What is the highest common factor of d and 99?
11
Let z(m) = 2*m**3 - 5*m**2 - 5*m + 8. Let j be z(6). What is the highest common factor of 23 and j?
23
Let i = -2 + 18. Calculate the highest common factor of 40 and i.
8
Let y(f) = f + 56. Let g be y(0). Calculate the greatest common divisor of 28 and g.
28
Suppose u + 0*u - 40 = 0. Suppose -g + 6*g + u = 0. Let a be 2/g + (-148)/(-16). Calculate the highest common factor of a and 99.
9
Suppose 3*u + 16 - 58 = 0. Calculate the greatest common factor of 7 and u.
7
Let n(h) = -h**2 + 4*h - 3. Let a be n(2). Let t = 0 - -3. Let p = t + a. Calculate the greatest common divisor of p and 4.
4
Let l be (1 - (-2 - -2)) + 233. Let g = l + -159. Calculate the greatest common factor of g and 30.
15
Suppose t - 12 = 4*t. Let p = 8 + t. Calculate the greatest common divisor of 32 and p.
4
Let d(g) = -g - 10. Let a be d(-9). Let x be 2 + 1 + -2 + a. Suppose x*t - 16 = -2*t + p, 5*t - 49 = -2*p. Calculate the greatest common factor of t and 9.
9
Suppose -3*o = -m + 21, -4*m - m + 92 = -2*o. Suppose 4*b = 5*q - 25, 7*q + 2 = 5*q + 4*b. What is the greatest common divisor of m and q?
9
Suppose 0 = 2*o - 4*o + 18. Let b = 178 - 89. Suppose 341 - b = 4*f. Calculate the greatest common factor of o and f.
9
Suppose r + 210 = 5*l, 0 = -3*l + 2*l - 4*r + 63. What is the highest common factor of l and 301?
43
Let a = -13 - -83. What is the highest common divisor of 28 and a?
14
Let w = 17 + 3. Let s be (20/3)/((-4)/(-36)). Calculate the greatest common divisor of w and s.
20
Let z be 3 + (-4 + 3 - -145). Calculate the greatest common factor of 21 and z.
21
Suppose 2*q - 145 = -5*j, -3*q - 44 = -4*j + 49. Let z = -3 - -2. Let c = 2 - z. Calculate the greatest common divisor of c and j.
3
Suppose 874 = 4*f - 182. What is the greatest common divisor of 24 and f?
24
Suppose -5*l - 4*v - 448 = -9*l, 3*v + 224 = 2*l. What is the greatest common divisor of 14 and l?
14
Suppose